by 42?
41
What is the remainder when 784 is divided by 402?
382
What is the remainder when 1573 is divided by 1559?
14
What is the remainder when 7367 is divided by 562?
61
Calculate the remainder when 1472 is divided by 57.
47
What is the remainder when 29440 is divided by 39?
34
Calculate the remainder when 89374 is divided by 19.
17
What is the remainder when 33419 is divided by 16690?
39
Calculate the remainder when 32697 is divided by 4637.
238
What is the remainder when 3019 is divided by 898?
325
Calculate the remainder when 17753 is divided by 1928.
401
Calculate the remainder when 46725 is divided by 649.
646
Calculate the remainder when 1831 is divided by 6.
1
What is the remainder when 174653 is divided by 313?
312
Calculate the remainder when 4924 is divided by 1632.
28
Calculate the remainder when 1964 is divided by 168.
116
What is the remainder when 11829 is divided by 904?
77
Calculate the remainder when 118317 is divided by 85.
82
What is the remainder when 7711 is divided by 12?
7
What is the remainder when 98674 is divided by 32890?
4
What is the remainder when 25888 is divided by 86?
2
Calculate the remainder when 278729 is divided by 16.
9
Calculate the remainder when 198586 is divided by 74.
44
What is the remainder when 86627 is divided by 1575?
2
Calculate the remainder when 973 is divided by 525.
448
Calculate the remainder when 449 is divided by 322.
127
Calculate the remainder when 1753 is divided by 181.
124
What is the remainder when 3503 is divided by 871?
19
Calculate the remainder when 246 is divided by 189.
57
What is the remainder when 8805 is divided by 26?
17
Calculate the remainder when 234409 is divided by 22.
21
Calculate the remainder when 69693 is divided by 205.
198
Calculate the remainder when 972949 is divided by 21.
19
What is the remainder when 16517 is divided by 20?
17
What is the remainder when 24027 is divided by 48?
27
What is the remainder when 109996 is divided by 54?
52
Calculate the remainder when 94565 is divided by 2011.
48
What is the remainder when 779 is divided by 410?
369
Calculate the remainder when 22554 is divided by 1330.
1274
Calculate the remainder when 1600 is divided by 139.
71
What is the remainder when 2265 is divided by 367?
63
Calculate the remainder when 2464 is divided by 85.
84
Calculate the remainder when 4468 is divided by 327.
217
Calculate the remainder when 46834 is divided by 551.
550
What is the remainder when 8414 is divided by 1401?
8
What is the remainder when 14275 is divided by 247?
196
Calculate the remainder when 255910 is divided by 127952.
6
What is the remainder when 510 is divided by 486?
24
Calculate the remainder when 1067 is divided by 193.
102
Calculate the remainder when 29903 is divided by 348.
323
Calculate the remainder when 5808 is divided by 51.
45
What is the remainder when 575 is divided by 26?
3
Calculate the remainder when 16829 is divided by 20.
9
Calculate the remainder when 4844559 is divided by 211.
210
Calculate the remainder when 4623 is divided by 1538.
9
Calculate the remainder when 697 is divided by 221.
34
What is the remainder when 6825 is divided by 2270?
15
What is the remainder when 199675 is divided by 65?
60
What is the remainder when 46802 is divided by 332?
322
Calculate the remainder when 3869 is divided by 115.
74
Calculate the remainder when 931939 is divided by 49.
8
What is the remainder when 74420 is divided by 604?
128
Calculate the remainder when 40440 is divided by 40436.
4
What is the remainder when 119038 is divided by 155?
153
Calculate the remainder when 7720 is divided by 104.
24
Calculate the remainder when 23424 is divided by 803.
137
What is the remainder when 46489 is divided by 77?
58
Calculate the remainder when 13268 is divided by 22.
2
What is the remainder when 20995 is divided by 116?
115
What is the remainder when 13375 is divided by 528?
175
What is the remainder when 508 is divided by 11?
2
Calculate the remainder when 4556 is divided by 157.
3
Calculate the remainder when 103374 is divided by 5743.
0
Calculate the remainder when 21999 is divided by 1835.
1814
Calculate the remainder when 656391 is divided by 218.
211
Calculate the remainder when 213524 is divided by 651.
647
Calculate the remainder when 1354 is divided by 679.
675
Calculate the remainder when 5695 is divided by 209.
52
What is the remainder when 515734 is divided by 4?
2
What is the remainder when 120395 is divided by 249?
128
Calculate the remainder when 4042 is divided by 794.
72
Calculate the remainder when 73800 is divided by 73.
70
Calculate the remainder when 94602 is divided by 438.
432
What is the remainder when 38493 is divided by 17?
5
What is the remainder when 11969 is divided by 2390?
19
What is the remainder when 6883 is divided by 147?
121
Calculate the remainder when 19997 is divided by 3330.
17
What is the remainder when 45029 is divided by 51?
47
What is the remainder when 8543 is divided by 186?
173
Calculate the remainder when 5586 is divided by 160.
146
What is the remainder when 39451 is divided by 3?
1
What is the remainder when 14968 is divided by 1662?
10
What is the remainder when 90751 is divided by 336?
31
Calculate the remainder when 128125 is divided by 17.
13
What is the remainder when 13382 is divided by 6351?
680
Calculate the remainder when 17417 is divided by 1194.
701
Calculate the remainder when 3793 is divided by 69.
67
Calculate the remainder when 1175 is divided by 674.
501
What is the remainder when 99013 is divided by 69?
67
What is the remainder when 25881 is divided by 6?
3
Calculate the remainder when 285 is divided by 15.
0
Calculate the remainder when 78463 is divided by 12.
7
Calculate the remainder when 96311 is divided by 19257.
26
What is the remainder when 425 is divided by 380?
45
Calculate the remainder when 133513 is divided by 45.
43
What is the remainder when 83276 is divided by 3331?
1
What is the remainder when 1151 is divided by 39?
20
What is the remainder when 7944 is divided by 26?
14
What is the remainder when 109 is divided by 51?
7
Calculate the remainder when 271065 is divided by 20849.
28
What is the remainder when 691987 is divided by 345990?
7
Calculate the remainder when 102072 is divided by 186.
144
What is the remainder when 5406 is divided by 504?
366
What is the remainder when 1569 is divided by 16?
1
What is the remainder when 709 is divided by 1?
0
What is the remainder when 1201 is divided by 319?
244
What is the remainder when 1131 is divided by 240?
171
Calculate the remainder when 183607 is divided by 150.
7
Calculate the remainder when 30137 is divided by 64.
57
Calculate the remainder when 9840 is divided by 4902.
36
What is the remainder when 166781 is divided by 535?
396
Calculate the remainder when 313686 is divided by 416.
22
What is the remainder when 417766 is divided by 6329?
52
What is the remainder when 4309395 is divided by 102?
99
What is the remainder when 2803 is divided by 580?
483
Calculate the remainder when 3026 is divided by 84.
2
What is the remainder when 755 is divided by 90?
35
What is the remainder when 100407 is divided by 28?
27
What is the remainder when 19037 is divided by 50?
37
What is the remainder when 1418 is divided by 683?
52
What is the remainder when 77279 is divided by 140?
139
Calculate the remainder when 20021 is divided by 1249.
37
Calculate the remainder when 178527 is divided by 22.
19
Calculate the remainder when 437366 is divided by 54670.
6
Calculate the remainder when 32893 is divided by 85.
83
What is the remainder when 45579 is divided by 229?
8
What is the remainder when 9876 is divided by 61?
55
What is the remainder when 1658 is divided by 782?
94
What is the remainder when 4291 is divided by 37?
36
What is the remainder when 3118 is divided by 991?
145
What is the remainder when 2460 is divided by 413?
395
What is the remainder when 12472 is divided by 892?
876
What is the remainder when 197782 is divided by 65925?
7
What is the remainder when 45823 is divided by 402?
397
Calculate the remainder when 2318109 is divided by 48.
45
Calculate the remainder when 8761 is divided by 876.
1
What is the remainder when 29740 is divided by 29733?
7
Calculate the remainder when 1942 is divided by 16